{"id":28,"date":"2021-01-15T18:31:55","date_gmt":"2021-01-15T16:31:55","guid":{"rendered":"http:\/\/www.pelmatec.fi\/?page_id=28"},"modified":"2023-07-31T14:57:49","modified_gmt":"2023-07-31T11:57:49","slug":"28-2","status":"publish","type":"page","link":"https:\/\/www.pelmatec.fi\/","title":{"rendered":"Metallipaja Espoossa"},"content":{"rendered":"\n<div class=\"wp-block-cover is-light\"><span aria-hidden=\"true\" class=\"wp-block-cover__background has-background-dim\"><\/span><img decoding=\"async\" loading=\"lazy\" width=\"1024\" height=\"618\" class=\"wp-block-cover__image-background wp-image-51\" alt=\"\" src=\"https:\/\/www.pelmatec.fi\/wp-content\/uploads\/2021\/01\/paja1000.jpg\" style=\"object-position:46% 42%\" data-object-fit=\"cover\" data-object-position=\"46% 42%\" srcset=\"https:\/\/www.pelmatec.fi\/wp-content\/uploads\/2021\/01\/paja1000.jpg 1024w, https:\/\/www.pelmatec.fi\/wp-content\/uploads\/2021\/01\/paja1000-300x181.jpg 300w, https:\/\/www.pelmatec.fi\/wp-content\/uploads\/2021\/01\/paja1000-768x464.jpg 768w\" sizes=\"(max-width: 1024px) 100vw, 1024px\" \/><div class=\"wp-block-cover__inner-container\">\n<p class=\"has-text-align-left has-nv-text-dark-bg-color has-text-color has-medium-font-size\">Pelmatec on metallipajayritys Espoossa, joka tekee mm. suunnittelua, protyyppej\u00e4, pieni\u00e4 tuotantosarjoja, korjauksia, varaosia. Esimerkiksi ter\u00e4ksest\u00e4, alumiinista, muovista; sorvaamalla, jyrsim\u00e4ll\u00e4, 3D-printtaamalla, hitsaamalla. Pelmatecilla on my\u00f6s muutamia omia myyt\u00e4vi\u00e4 tuotteita, jotka ovat kaikki omaa suunnittelua ja tuotantoa.<\/p>\n\n\n\n<p class=\"has-text-align-left has-nv-text-dark-bg-color has-text-color has-medium-font-size\">Otan mielell\u00e4ni vastaan haasteita ja ongelmia ratkaistavaksi. Panostan ty\u00f6ss\u00e4ni mieluusti laatuun ja pid\u00e4n kunnia-asianani toteuttaa asiakkaan toimeksiannot sopimuksen mukaisesti niin laadullisesti, m\u00e4\u00e4r\u00e4llisesti kuin ajallisestikin. <\/p>\n\n\n\n<p class=\"has-text-align-left has-nv-text-dark-bg-color has-text-color has-medium-font-size\">Galleriassa on esill\u00e4 joitakin esimerkkej\u00e4 t\u00f6ist\u00e4 ja tuotteista, joita olen vuosien saatossa tehnyt.<\/p>\n<\/div><\/div>\n\n\n\n<p><\/p>\n","protected":false},"excerpt":{"rendered":"","protected":false},"author":1,"featured_media":0,"parent":0,"menu_order":0,"comment_status":"closed","ping_status":"closed","template":"","meta":{"neve_meta_sidebar":"full-width","neve_meta_container":"","neve_meta_enable_content_width":"on","neve_meta_content_width":100,"neve_meta_title_alignment":"","neve_meta_author_avatar":"","neve_post_elements_order":"","neve_meta_disable_header":"","neve_meta_disable_footer":"","neve_meta_disable_title":""},"_links":{"self":[{"href":"https:\/\/www.pelmatec.fi\/index.php?rest_route=\/wp\/v2\/pages\/28"}],"collection":[{"href":"https:\/\/www.pelmatec.fi\/index.php?rest_route=\/wp\/v2\/pages"}],"about":[{"href":"https:\/\/www.pelmatec.fi\/index.php?rest_route=\/wp\/v2\/types\/page"}],"author":[{"embeddable":true,"href":"https:\/\/www.pelmatec.fi\/index.php?rest_route=\/wp\/v2\/users\/1"}],"replies":[{"embeddable":true,"href":"https:\/\/www.pelmatec.fi\/index.php?rest_route=%2Fwp%2Fv2%2Fcomments&post=28"}],"version-history":[{"count":15,"href":"https:\/\/www.pelmatec.fi\/index.php?rest_route=\/wp\/v2\/pages\/28\/revisions"}],"predecessor-version":[{"id":593,"href":"https:\/\/www.pelmatec.fi\/index.php?rest_route=\/wp\/v2\/pages\/28\/revisions\/593"}],"wp:attachment":[{"href":"https:\/\/www.pelmatec.fi\/index.php?rest_route=%2Fwp%2Fv2%2Fmedia&parent=28"}],"curies":[{"name":"wp","href":"https:\/\/api.w.org\/{rel}","templated":true}]}}